{"id":126,"date":"2021-11-04T12:58:25","date_gmt":"2021-11-04T12:58:25","guid":{"rendered":"https:\/\/www.web-magnus.com\/wordpress\/?page_id=126"},"modified":"2022-02-22T00:21:34","modified_gmt":"2022-02-22T00:21:34","slug":"qs-nuestra-historia","status":"publish","type":"page","link":"https:\/\/www.web-magnus.com\/index.php\/qs-nuestra-historia\/","title":{"rendered":"Nuestra historia"},"content":{"rendered":"\n<p>WEBMAGNUS TECHNOLOGY SRL, es una empresa que originalmente fue creada el 17 de junio de 1999, dedicada inicialmente al servicio de las herramientas de internet y que a lo largo de los a\u00f1os, ha ido evolucionando de forma constante para atender el advenimiento de las tecnolog\u00edas emergentes a lo largo de estos a\u00f1os.<\/p>\n\n\n\n<p>Pionera en la provisi\u00f3n de servicios de Nube Local en Bolivia, WEBMAGNUS TECHNOLOGY SRL en su primera etapa, enfoco sus inversiones y esfuerzo al fortalecimiento de sus equipos de Telecomunicaciones, Redes, Infraestructura de TI y personal t\u00e9cnico especializado, con el fin de atender la creciente demanda de sus servicios.<\/p>\n\n\n\n<p>A la fecha, WEBMAGNUS TECHNOLOGY SRL mantiene su oferta de productos ligados a La Nube, ya sea como servicios profesionales de migraci\u00f3n hacia la nube o como productos de Nube ( IaaS, PaaS, SaaS, BaaS) disponibles en su Centro de Datos.<\/p>\n\n\n\n<p>Pero esta carrera no termina ah\u00ed y entendiendo la realidad de nuestro mercado actual a nivel nacional y regional, hoy WEBMAGNUS TECHNOLOGY SRL ha decidido bajar toda esa experiencia acumulada a trav\u00e9s de los a\u00f1os, a los centros de datos de todos sus clientes, fortalecido con un equipo de Ingenieros Seniors en el campo de TI y telecomunicaciones, con un ecosistema de especialistas extranjeros y acuerdos con los fabricantes de tecnolog\u00eda l\u00edderes en el mercado, hoy creemos que este nuevo hito puede ser alcanzado.<\/p>\n","protected":false},"excerpt":{"rendered":"<p>WEBMAGNUS TECHNOLOGY SRL, es una empresa que originalmente fue creada el 17 de junio de 1999, dedicada inicialmente al servicio de las herramientas de internet y que a lo largo de los a\u00f1os, ha ido evolucionando de forma constante para atender el advenimiento de las tecnolog\u00edas emergentes a lo largo de estos a\u00f1os. Pionera en &#8230; <a title=\"Nuestra historia\" class=\"read-more\" href=\"https:\/\/www.web-magnus.com\/index.php\/qs-nuestra-historia\/\" aria-label=\"M\u00e1s en Nuestra historia\">Leer m\u00e1s<\/a><\/p>\n","protected":false},"author":1,"featured_media":0,"parent":0,"menu_order":0,"comment_status":"closed","ping_status":"closed","template":"","meta":{"_generate-full-width-content":""},"_links":{"self":[{"href":"https:\/\/www.web-magnus.com\/index.php\/wp-json\/wp\/v2\/pages\/126"}],"collection":[{"href":"https:\/\/www.web-magnus.com\/index.php\/wp-json\/wp\/v2\/pages"}],"about":[{"href":"https:\/\/www.web-magnus.com\/index.php\/wp-json\/wp\/v2\/types\/page"}],"author":[{"embeddable":true,"href":"https:\/\/www.web-magnus.com\/index.php\/wp-json\/wp\/v2\/users\/1"}],"replies":[{"embeddable":true,"href":"https:\/\/www.web-magnus.com\/index.php\/wp-json\/wp\/v2\/comments?post=126"}],"version-history":[{"count":7,"href":"https:\/\/www.web-magnus.com\/index.php\/wp-json\/wp\/v2\/pages\/126\/revisions"}],"predecessor-version":[{"id":190,"href":"https:\/\/www.web-magnus.com\/index.php\/wp-json\/wp\/v2\/pages\/126\/revisions\/190"}],"wp:attachment":[{"href":"https:\/\/www.web-magnus.com\/index.php\/wp-json\/wp\/v2\/media?parent=126"}],"curies":[{"name":"wp","href":"https:\/\/api.w.org\/{rel}","templated":true}]}}