{"id":99,"date":"2021-11-04T12:39:10","date_gmt":"2021-11-04T12:39:10","guid":{"rendered":"https:\/\/www.web-magnus.com\/wordpress\/?page_id=99"},"modified":"2022-03-16T23:38:40","modified_gmt":"2022-03-16T23:38:40","slug":"instalacion","status":"publish","type":"page","link":"https:\/\/www.web-magnus.com\/index.php\/instalacion\/","title":{"rendered":"Instalaci\u00f3n"},"content":{"rendered":"\n<p>Por pol\u00edticas internas, muchos clientes compran por separado sus soluciones de software o hardware de los servicios profesionales de implementaci\u00f3n.<\/p>\n\n\n\n<p>Cada una de las instalaciones\/implementaciones, se los maneja como un proyecto, apoy\u00e1ndonos en gu\u00edas est\u00e1ndar como el PMBook, Scrum y otros; cuidando siempre la documentaci\u00f3n de estos proyectos, as\u00ed como el cumplimiento de protocolos de entrega.<\/p>\n\n\n\n<p>Es en este sentido, que llevamos a consideraci\u00f3n de nuestros clientes, los servicios de implementaci\u00f3n de:<\/p>\n\n\n\n<ul><li>UPS (Vertiv, Tripp Lite, APC, Gamatronic)<\/li><\/ul>\n\n\n\n<ul><li>Sistemas operativos (Solaris, Redhat, Linux)<\/li><\/ul>\n\n\n\n<ul><li>Servidores (Oracle, Dell, HP)<\/li><\/ul>\n\n\n\n<ul><li>Almacenamiento (Oracle, Dell, HP, Hitachi, Huawei)<\/li><\/ul>\n\n\n\n<ul><li>Virtualizadores (VMWare, REV, Proxmox, VirtualBox)<\/li><\/ul>\n\n\n\n<ul><li>Respaldo (Veeam, EMC Networker, Symantec Backup)<\/li><\/ul>\n\n\n\n<ul><li>Redes (Cisco, Dell, Fortinet)<\/li><\/ul>\n\n\n\n<ul><li>Seguridad (Cisco, Fortinet)<\/li><\/ul>\n\n\n\n<ul><li>Bases de datos (Oracle, MySQL, PostgreSQL)<\/li><\/ul>\n\n\n\n<ul><li>Monitoreadores (Zabbix)<\/li><\/ul>\n\n\n\n<p>Para aquellos productos que no est\u00e1n listados de manera espec\u00edfica, nuestro equipo de ingenieros y consultores externos, evaluara caso a caso su factibilidad. <\/p>\n\n\n\n<p>Para m\u00e1s informaci\u00f3n, p\u00f3ngase en contacto con nosotros.<\/p>\n\n\n\n<p><\/p>\n\n\n<div class=\"gb-button-wrapper gb-button-wrapper-82a6973b\">\n\n<a class=\"gb-button gb-button-b5191b82 gb-button-text\" href=\"https:\/\/www.web-magnus.com\/index.php\/contactos\/\"><strong>Cont\u00e1ctenos<\/strong><\/a>\n\n<\/div>","protected":false},"excerpt":{"rendered":"<p>Por pol\u00edticas internas, muchos clientes compran por separado sus soluciones de software o hardware de los servicios profesionales de implementaci\u00f3n. Cada una de las instalaciones\/implementaciones, se los maneja como un proyecto, apoy\u00e1ndonos en gu\u00edas est\u00e1ndar como el PMBook, Scrum y otros; cuidando siempre la documentaci\u00f3n de estos proyectos, as\u00ed como el cumplimiento de protocolos de &#8230; <a title=\"Instalaci\u00f3n\" class=\"read-more\" href=\"https:\/\/www.web-magnus.com\/index.php\/instalacion\/\" aria-label=\"M\u00e1s en Instalaci\u00f3n\">Leer m\u00e1s<\/a><\/p>\n","protected":false},"author":1,"featured_media":0,"parent":0,"menu_order":0,"comment_status":"closed","ping_status":"closed","template":"","meta":{"_generate-full-width-content":""},"_links":{"self":[{"href":"https:\/\/www.web-magnus.com\/index.php\/wp-json\/wp\/v2\/pages\/99"}],"collection":[{"href":"https:\/\/www.web-magnus.com\/index.php\/wp-json\/wp\/v2\/pages"}],"about":[{"href":"https:\/\/www.web-magnus.com\/index.php\/wp-json\/wp\/v2\/types\/page"}],"author":[{"embeddable":true,"href":"https:\/\/www.web-magnus.com\/index.php\/wp-json\/wp\/v2\/users\/1"}],"replies":[{"embeddable":true,"href":"https:\/\/www.web-magnus.com\/index.php\/wp-json\/wp\/v2\/comments?post=99"}],"version-history":[{"count":6,"href":"https:\/\/www.web-magnus.com\/index.php\/wp-json\/wp\/v2\/pages\/99\/revisions"}],"predecessor-version":[{"id":625,"href":"https:\/\/www.web-magnus.com\/index.php\/wp-json\/wp\/v2\/pages\/99\/revisions\/625"}],"wp:attachment":[{"href":"https:\/\/www.web-magnus.com\/index.php\/wp-json\/wp\/v2\/media?parent=99"}],"curies":[{"name":"wp","href":"https:\/\/api.w.org\/{rel}","templated":true}]}}